se 3, what is 0 - -1102102?
1102102
In base 3, what is 11211 + 1102?
20020
In base 8, what is 130 + 4?
134
In base 2, what is -111011 + -110111?
-1110010
In base 7, what is 15 - -435?
453
In base 3, what is -1020 - 101?
-1121
In base 8, what is 2 + -327?
-325
In base 4, what is 31 + 30?
121
In base 14, what is -136d + -2?
-1371
In base 2, what is 100010110001110 - -11?
100010110010001
In base 9, what is 4520 - 1?
4518
In base 9, what is -46 - 7?
-54
In base 11, what is 78 + 38?
105
In base 8, what is 430 + -1?
427
In base 3, what is 2111 + 2210?
12021
In base 12, what is 1 + -381?
-380
In base 10, what is 10 + 6?
16
In base 7, what is 245 + -31?
214
In base 11, what is -a + -a?
-19
In base 15, what is -2 + 1074?
1072
In base 10, what is -16 - -44?
28
In base 8, what is 106 + -3?
103
In base 15, what is -25 + 5?
-20
In base 9, what is 566 + 1?
567
In base 2, what is 10111011000100 - -100?
10111011001000
In base 5, what is 23300 - -2?
23302
In base 7, what is 2 - 256?
-254
In base 15, what is 6c + -3?
69
In base 10, what is -1 - -66?
65
In base 13, what is 183 + 5?
188
In base 6, what is 501044 + 3?
501051
In base 6, what is 133 - -140?
313
In base 6, what is -2 - -245?
243
In base 4, what is -10313332 + -11?
-10320003
In base 15, what is 65a + 5?
660
In base 12, what is -11 - 21b?
-230
In base 3, what is 10 + -120?
-110
In base 12, what is -5 + -2502?
-2507
In base 3, what is -2 - 110220?
-110222
In base 15, what is 9 - 673?
-669
In base 16, what is 794 - 5?
78f
In base 15, what is 34 - 2?
32
In base 12, what is 1 + -15a?
-159
In base 13, what is -1 - c39?
-c3a
In base 8, what is 324 - -6?
332
In base 2, what is 1 - 11110?
-11101
In base 13, what is -4a9 + 3?
-4a6
In base 12, what is -12 - 901?
-913
In base 13, what is 1 - 49?
-48
In base 11, what is -2 + 616?
614
In base 10, what is -1 - -1095?
1094
In base 6, what is -211 - 0?
-211
In base 12, what is a8 + 18?
104
In base 9, what is 3 + 146?
150
In base 10, what is -3942 + 5?
-3937
In base 11, what is 5 - -374?
379
In base 3, what is -10200011 + -1?
-10200012
In base 15, what is 3 + 24?
27
In base 15, what is -31 + -6?
-37
In base 2, what is 11010 + 1110111?
10010001
In base 8, what is 1167 + 3?
1172
In base 3, what is -12 - 110112?
-110201
In base 7, what is -64321 - 0?
-64321
In base 11, what is -3 + 1903?
1900
In base 13, what is c5 - 2?
c3
In base 13, what is -21 + 5?
-19
In base 9, what is -80 + -434?
-524
In base 10, what is -19 - 910?
-929
In base 2, what is -10001110 - 100?
-10010010
In base 8, what is 11 + -70?
-57
In base 16, what is -2a + 1?
-29
In base 7, what is -5 + -1113?
-1121
In base 5, what is 1404 + -233?
1121
In base 10, what is 1 + -2696?
-2695
In base 3, what is 1 - -2111?
2112
In base 5, what is 2014 + -24?
1440
In base 11, what is 421 - 2?
41a
In base 14, what is -5a - 0?
-5a
In base 2, what is 0 - 10010111100?
-10010111100
In base 11, what is 46 + -1?
45
In base 16, what is -1 + 18?
17
In base 4, what is 220 - -3?
223
In base 11, what is -33 + -a?
-42
In base 12, what is 0 - 1ba?
-1ba
In base 16, what is -16 - 20a?
-220
In base 8, what is 1241 + 0?
1241
In base 3, what is -200 - 110?
-1010
In base 3, what is 2001 - -102?
2110
In base 14, what is 701d + 2?
7021
In base 9, what is 4 - -133?
137
In base 8, what is -255 + 6?
-247
In base 10, what is 2 + -139?
-137
In base 15, what is 3ec + -1?
3eb
In base 15, what is -adb + 3?
-ad8
In base 5, what is -11403 - 3?
-11411
In base 12, what is -3 + 2b3?
2b0
In base 12, what is 5 - 209?
-204
In base 4, what is -120 - -3?
-111
In base 4, what is 2 - -31103?
31111
In base 9, what is -7782 - -3?
-7778
In base 12, what is -1 - -63?
62
In base 2, what is 10 + 10000101?
10000111
In base 12, what is -35a + -3?
-361
In base 11, what is 1 - 288?
-287
In base 2, what is 1011000001 + 10?
1011000011
In base 8, what is 1215 + 3?
1220
In base 8, what is 162 + -3?
157
In base 3, what is -21010 - 2?
-21012
In base 9, what is 22 - 41?
-18
In base 5, what is -114 - -4?
-110
In base 2, what is 110000 + -10110?
11010
In base 13, what is 4 + -63?
-5c
In base 11, what is 2 - -65?
67
In base 13, what is -385c - 0?
-385c
In base 15, what is 501 - 2?
4ee
In base 4, what is 10 + -23?
-13
In base 12, what is 7 + -1806?
-17bb
In base 10, what is -4 - 335?
-339
In base 3, what is 1100 - -1?
1101
In base 11, what is 38 + 85?
112
In base 15, what is -160 - -3?
-15c
In base 8, what is -36 + -11?
-47
In base 16, what is -9f - f?
-ae
In base 6, what is -35 - -3422?
3343
In base 3, what is 10 + -21011?
-21001
In base 4, what is 203 - 1?
202
In base 10, what is 7 - -1?
8
In base 14, what is -17 - -92?
79
In base 11, what is a02 + 0?
a02
In base 15, what is 0 - -b?
b
In base 4, what is -232 - -1?
-231
In base 15, what is -37 - -9?
-2d
In base 10, what is 357 - -3?
360
In base 12, what is -5 - 556?
-55b
In base 15, what is 15 + 0?
15
In base 14, what is -5 + 1335?
1330
In base 11, what is 559 + -2?
557
In base 12, what is 1a8 + -8?
1a0
In base 12, what is -10 - 34?
-44
In base 7, what is -33 - 645?
-1011
In base 9, what is -1 + -41?
-42
In base 16, what is a0 + 1?
a1
In base 13, what is 2 + -10b3?
-10b1
In base 16, what is -2 + 34?
32
In base 3, what is -22 + 110?
11
In base 3, what is -10 - -11002?
10222
In base 3, what is -10 - 21110200?
-21110210
In base 10, what is 4 + 86?
90
In base 2, what is -10001 - 101001?
-111010
In base 13, what is -161 + 3?
-15b
In base 3, what is -200 - -112?
-11
In base 7, what is -2013 + -11?
-2024
In base 6, what is -5 - -20?
11
In base 4, what is -11 - 13020?
-13031
In base 10, what is 4 - 1149?
-1145
In base 5, what is 22 + 22430?
23002
In base 12, what is 4 - 64?
-60
In base 3, what is -11012 - 1120?
-12202
In base 2, what is 111001111 - -10000?
111011111
In base 12, what is -34 + 16?
-1a
In base 15, what is 1 + 127?
128
In base 12, what is 14b - -5?
154
In base 15, what is -21 + 31?
10
In base 6, what is -1 - -52?
51
In base 7, what is -2 - -406?
404
In base 9, what is 4 - -1364?
1368
In base 6, what is -15 - -2142?
2123
In base 4, what is 200 - -11102?
11302
In base 10, what is -16 + -24?
-40
In base 16, what is 0 + 63?
63
In base 8, what is 13116 + -2?
13114
In base 7, what is -264 + -12?
-306
In base 6, what is 114 - 1?
113
In base 9, what is -472 - 15?
-487
In base 2, what is 11 - -101000?
101011
In base 10, what is 16 - -957?
973
In base 13, what is 4 + -271?
-26a
In base 3, what is 10022201 - 1?
10022200
In base 5, what is 24300 - 10?
24240
In base 3, what is -1 - 211?
-212
In base 14, what is 4 - 13?
-d
In base 7, what is 2 + -23420?
-23415
In base 11, what is -3 + 66?
63
In base 14, what is -34 + 3?
-31
In base 13, what is a23 - 0?
a23
In base 8, what is 173 - 4?
167
In base 12, what is -6 + 173?
169
In base 6, what is 4 - -120?
124
In base 8, what is 2 + -112?
-110
In base 9, what is -2 - -443?
441
In base 8, what is -2 - -160?
156
In base 5, what is 303 - -3?
311
In base 5, what is 2040 - -10?
2100
In base 2, what is -100001010001 - -10?
-100001001111
In base 13, what is 639 + -3?
636
In base 3, what is -11 + 121012?
121001
In base 6, what is -1101 - -11?
-1050
In base 8, what is 310 - -6?
316
In base 7, what is -620 - -3?
-614
In base 2, what is 1000101100 - 1?
1000101011
In base 13, what is -2 - -cb?
c9
In base 12, what is -9 + -124?
-131
In base 13, what is 98 - -1?
99
In base 2, what is 101110 - 1101110?
-1000000
In base 14, what is 149 + -20?
129
In base 3, what is -120011101 - -1?
-120011100
In base 13, what is 5 - -139b?
13a3
In base 3, what is 1100 + 21?
1121
In base 6, what is 0 + -34?
-34
In base 10, what is -5 + -301?
-306
In base 14, what is -3d6 + 3?
-3d3
In base 13, what is 0 - -63?
63
In base 4, what is -20 - 2101?
-2121
In base 4, what is -2 + -31030?
-31032
In base 13, what is 143 - 0?
143
In base 2, what is 100 + -1100011000?
-1100010100
In base 11, what is -15 + -41?
-56
In base 2, what is -100100 - -1000?
-11100
In base 13, what is 1 - -2a6?
2a7
In base 9, what is -164 - 3?
-167
In base 8, what is -1 - 1175?
-1176
In base 12, what is 87 - 6?
81
In base 15, what is c - 15?
-8
In base 15, what is -8 - -22c?
224
In base 3, what is -20020 - -10?
-20010
In base 5, what is 10 + 2?
12
In base 7, what is 505 + 25?
533
In base 14, what is 8c - -5?
93
In base 5, what is -4232 - 2?
-4234
In base 16, what 